- 761 = -5*j + 4*c. Suppose 0 = 5*r - 446 - j. Calculate the greatest common factor of v and r.
27
Let n = 89 - 85. Suppose -5*y + 9 = 5*k - 21, -n*k = 3*y - 18. Let l be (y/(-27)*-15)/((-4)/(-6)). What is the greatest common divisor of l and 5?
5
Suppose j + 24*f - 30 = 25*f, -4*f - 222 = -7*j. What is the highest common factor of 7718 and j?
34
Suppose -4*s + 184 = -328. Let d be (1 - 11/9) + (-32528)/72. Let w be 12/(-42) - d/14. What is the greatest common divisor of s and w?
32
Let s be -4 + (-248)/(-56) - 1058/(-14). Let m = s + -74. Let t = 60 - 38. Calculate the highest common divisor of m and t.
2
Let l(m) = -m**2 - 42*m + 91. Let n(j) = -9*j - 91. Let f be n(-6). Let q be l(f). Calculate the highest common divisor of q and 368.
92
Suppose -18618 = 22*w - 109*w. Suppose -3 = -y - 0*y. Suppose y + w = k. What is the greatest common divisor of k and 31?
31
Let d be 30/((1197/(-168) - -6)*2/(-9)). Calculate the greatest common divisor of d and 1032.
24
Suppose -22*c + 142 = -18*c + 2*j, -4*j - 145 = -5*c. Let a = 1 - -3. Suppose -a*o + 11 = -1. Calculate the greatest common factor of c and o.
3
Let l = -816 + 855. Suppose 3*n + 0*n = i - 44, -n = i - 28. Let d = -19 + i. Calculate the highest common divisor of d and l.
13
Let n = -1762 + 8985. What is the highest common factor of n and 233?
233
Suppose 70 = 5*i - 4*l, -60*i + 4*l = -57*i - 34. Let q(g) = 14*g - 186. Let f be q(i). What is the highest common divisor of f and 6?
6
Suppose 4*r = 10 - 30, 2*r = -2*y - 10. Suppose 8*a - 7*a - 8 = y. What is the highest common divisor of a and 32?
8
Suppose 26 = 27*g - 109. Suppose 5*v + 9 = -6, 226 = g*r - 2*v. Calculate the greatest common divisor of r and 121.
11
Let a(g) = 14*g**2 + 4*g - 105. Suppose -52*c + 54*c = -16. Let d be a(c). Calculate the highest common divisor of d and 33.
33
Suppose 0 = 5*f - f - 24. Suppose 5*m - 58 = -b, f*m + 5*b - 38 = 2*m. Suppose -2*n = 16248 - 16368. What is the highest common factor of n and m?
12
Suppose p + 2*p = 111. Suppose -11*c + p = -7. Suppose -2*s - 36 = -3*j, j + s + c = 11. What is the greatest common factor of 10 and j?
10
Let t(n) be the first derivative of -3*n**2/2 + 17*n - 82. Let s be t(-27). Calculate the highest common divisor of s and 56.
14
Let s = -19 + 110. Suppose 6939 = 12*o + 1911. Suppose 65 = -414*i + o*i. What is the highest common factor of s and i?
13
Let q = 11774 + -11742. Suppose 0*a = 2*a + 188. Let k = -30 - a. Calculate the greatest common factor of k and q.
32
Suppose 4*x - 200 = -n, -2*x + 22*n = 17*n - 78. Calculate the highest common divisor of x and 70.
7
Let o = -10630 - -10669. Suppose 3*j - j = 10. Let b(q) = 3*q**3 - 2*q**2 + 5*q + 1. Let r be b(j). What is the highest common factor of o and r?
39
Suppose -3*u + 1012 = -3980. Suppose 7*z - u = -341. Calculate the highest common factor of 21 and z.
21
Let v = -3373 + 3528. Calculate the highest common factor of 10 and v.
5
Suppose 41*y + 9 = 38*y. Let s(n) = -2*n**3 + n**2 + 3*n. Let a be s(y). Let c be 660/a + (-2)/9. What is the greatest common factor of c and 132?
12
Let a = -3680 + 3682. Let w = -23 + 33. Suppose 0 = -4*m + 66 - w. What is the greatest common factor of a and m?
2
Suppose 3*b - 198 = -2*g, -4*b - 350 = -5*g + 99. Calculate the highest common factor of 155 and g.
31
Let x(t) = 71*t + 1645. Let h be x(-23). What is the highest common divisor of 24 and h?
12
Let o be 148/(-259) + (-148)/(-14). Suppose -o*y = -432 - 388. Calculate the highest common divisor of 287 and y.
41
Let t(a) = a**3 - 41*a**2 + 23*a + 846. Let r be t(42). What is the greatest common factor of r and 96?
24
Suppose -116*o + 500 = -106*o. Calculate the highest common divisor of 2825 and o.
25
Let l(w) = -4*w + 8. Let p be l(-8). Let i = 2 - -15. Suppose 51 = 5*s - 4*r - i, -4*s - r + 67 = 0. What is the greatest common factor of p and s?
8
Suppose 312 = 538*a - 3992. Let r(b) = -b**2 - 7*b - 8. Let u be r(-6). Let m be (-884)/(-10) - u/(-5). Calculate the highest common factor of a and m.
8
Let b = 376 - 129. Let d = 258 - b. What is the greatest common factor of 143 and d?
11
Suppose -s - 8561 = -3*p + 10671, 3*s + 6 = 0. Calculate the highest common divisor of 30 and p.
10
Let l be ((-2)/(-6))/((-2)/(-282)) - -5. Suppose 3*j - l = -3*q + 2*j, -2*j - 24 = -2*q. Calculate the greatest common factor of 112 and q.
16
Suppose 8*o - 645 = 6*o - s, 21*s = 4*o - 1359. What is the highest common divisor of o and 516?
12
Let x = -114 + 102. Let z be (-1372)/(-12) - x/18. What is the highest common factor of z and 46?
23
Suppose -2285*k + 2302*k = 50830. Calculate the highest common factor of k and 368.
46
Let c(d) = -174*d + 35. Let i be c(-3). Suppose -i = 8*s - 1677. Calculate the greatest common factor of 40 and s.
20
Let q be (-395762)/(-2285) + (-12)/10. Calculate the greatest common divisor of 6278 and q.
86
Let m be 3796/104 - 2/4. Let j = 56 + 70. What is the greatest common divisor of m and j?
18
Let u be 9092 + (-49)/((-784)/128). What is the greatest common divisor of u and 390?
130
Suppose -280 = -13*c + 8*c. Let v be 6 + 1128/30 - (-6)/(-10). Suppose 2*r + 9 = -r, -4*h + v = -5*r. Calculate the greatest common factor of h and c.
7
Let x = 16091 + -16073. Calculate the highest common divisor of 19746 and x.
18
Let x(o) = -71*o - 562. Let p be x(-8). What is the highest common divisor of 177 and p?
3
Suppose 2*u + 5*q - 6 = 115, -u + 23 = -5*q. Suppose -14*s = -160 + u. What is the greatest common factor of s and 36?
4
Let t(u) = -25*u + 2. Let v be t(-2). Let n = 37683 - 37267. What is the greatest common divisor of n and v?
52
Let b(q) = 7*q**3 - 2*q**2 - 4*q + 1. Let s be b(3). Suppose -250*d + 635 + 1782 = -83. Calculate the highest common divisor of d and s.
10
Suppose -12*q + 24 = -312. Suppose -7*v + 105 - q = 0. Calculate the greatest common factor of 1 and v.
1
Suppose 7527 = 22*g - 9567. Suppose 28*m - 1379 = g. What is the highest common factor of 77 and m?
77
Suppose k = 5*v + 1774, 1245 - 4848 = -2*k - v. What is the greatest common factor of 7 and k?
7
Let k be (182/104)/((-2)/(-8)). Suppose -k*y = -6*y - 2308. Suppose -308 + y = 5*w. Calculate the highest common factor of 40 and w.
40
Let g = -13397 + 13485. Calculate the greatest common divisor of 704 and g.
88
Let y = 12864 - 12852. What is the greatest common factor of 512 and y?
4
Suppose -348416 = -242*c + 406624. Calculate the highest common factor of c and 90.
30
Suppose 4*c = -9*l + 70, 4*l + 27 = -c + 41. What is the highest common divisor of 18 and c?
2
Let v(k) = -14*k - 9. Let y be v(-6). Suppose 342 = 2*a - b, -b = 7*a - 1228 + 85. What is the highest common factor of a and y?
15
Suppose c - 7 - 4 = 0. Let z(j) = -2*j**2 + 49*j + 102. Let d be z(25). Calculate the greatest common factor of c and d.
11
Let o = -479 - -1487. Calculate the greatest common factor of o and 28.
28
Let d be 1 - 48/20 - 1135/(-25). Calculate the highest common factor of 64 and d.
4
Let u(b) = 14*b**2 - 2*b - 1. Let j be u(2). Suppose -169 = -2*f + j. Let c be ((-7)/((-42)/66))/(2/2). Calculate the greatest common divisor of f and c.
11
Let p(n) = n**3 - n**2 + 2*n + 10. Let k be p(-8). Let t = k - -618. Let i = 4 - -20. What is the greatest common factor of i and t?
12
Let j(k) = 0*k + 6 + 41*k + 0 + 0. Let z be j(2). Suppose 84*w - z*w + 48 = 0. Calculate the greatest common divisor of w and 36.
12
Let t(o) = 150*o + 4120. Let a be t(-27). Calculate the highest common factor of 50 and a.
10
Suppose -n - 19 = -5*a, 0 = 2*n + 5*a + 7 - 29. Let c be (27/n)/((-12)/(-4) + -2). What is the greatest common factor of 99 and c?
9
Let j(w) = 2*w**2 + 522*w - 4620. Let f be j(9). Calculate the highest common divisor of 8880 and f.
240
Let k be ((8 - 2)*-2)/(3/(-52)). Calculate the highest common factor of 650 and k.
26
Let d be (-58)/(1 + 1)*-1. Let m(c) = 7*c**2 + 19*c + 15. Let q be m(-15). Suppose q = 31*p - 26*p. What is the greatest common factor of d and p?
29
Suppose -10*z + 3*z + 140 = 0. Let m be (11 - 8)*2*z/3. What is the highest common factor of m and 160?
40
Suppose 6*w = -0*w + 12. Let k be 4 + -10 + w + 8. Let x be -1 + (20 + 1 - k). What is the greatest common divisor of x and 16?
16
Let l(i) = 2*i**3 - i**2 - 17*i - 2. Suppose 0 = 25*s - 12*s - 52. Let h